hat are the prime factors of q/(-3 + (-30)/(-9))?
3, 13
Let g be ((-23)/2)/(8/(-16)). Let m = -13 + g. List the prime factors of m.
2, 5
Let v(q) = q**2 - 7. Let z be v(3). Suppose -4*g - u + 229 = g, z*g = -4*u + 106. What are the prime factors of g?
3, 5
Let u = 90 + -77. Suppose 27 = v + u. What are the prime factors of v?
2, 7
Let v(u) = 171*u**3 - 5*u**2 - 5*u + 1. List the prime factors of v(3).
2, 43, 53
Let o(g) = g + 4. Let i be o(-2). Suppose 3*z - i*z + 5*q - 28 = 0, 2*q + 14 = z. Let s = 36 - z. What are the prime factors of s?
2, 3
Suppose -4*u + 9*u - 150 = 0. Suppose 10 = 3*f + 2*o, -2*o - 4 = -14. Suppose -20*n + 21*n - u = f. List the prime factors of n.
2, 3, 5
Let p be (14/(-35))/((-2)/10). Suppose 2*o + 3*i = 14, o + p*i - 7 = 4*i. Let m = o - 4. What are the prime factors of m?
3
Let s(w) = w**3 + 3*w**2 - 3*w - 5. Let x be s(-3). Let f = 16 - x. What are the prime factors of f?
2, 3
Suppose 3*y - 3*o + 35 = -5*o, 0 = -3*y + 4*o - 47. Let q(x) = x**2 + 12*x - 19. Let j be q(y). What are the prime factors of (-388)/j - 8/12?
2
Suppose h + 933 = q, -2*q - 3*h + 8*h + 1875 = 0. List the prime factors of q.
2, 3, 5, 31
Let b(p) = -9*p + 211. What are the prime factors of b(0)?
211
What are the prime factors of 1/((-6)/(-2508)) - -8?
2, 3, 71
Let f(c) = -3*c**2 + 2*c + 2. Let t(d) = -4*d**2 + 3*d + 2. Let u(o) = 5*f(o) - 4*t(o). What are the prime factors of u(13)?
5, 29
Let l(r) = 6*r - 10. Suppose 2*c - 16 = -3*q + 28, 0 = -2*q + 8. What are the prime factors of l(c)?
2, 43
Let t(l) = -3*l**3 - 9*l**2 + l - 9. Let x(s) = -7*s**3 - 17*s**2 + s - 18. Let u(f) = -9*t(f) + 4*x(f). List the prime factors of u(12).
3, 31
Let m(c) = -c**2 + 11*c + 3. Let r(j) = j**3 + 10*j**2 + 7*j - 10. Let g be r(-9). What are the prime factors of m(g)?
3
Suppose -11*r = -3954 - 699. What are the prime factors of r?
3, 47
Suppose 4995 = 4*p + 5*j - 0*j, 5*j + 5 = 0. What are the prime factors of p?
2, 5
Let p(m) = m**2 + 6*m + 5. Let x be p(-4). List the prime factors of 59 + (x + (-16)/(-4))*2.
61
Suppose -2*s = -3*u + 4, -2*s + 16 = 3*u - s. Let w be (1240/(-12))/(u/(-78)). What are the prime factors of w/26*4/5?
2, 31
Let u(k) = 354*k + 37. List the prime factors of u(2).
5, 149
Let l be (-2)/8 + (-605)/(-20) + -4. Let b = 25 + l. What are the prime factors of b?
3, 17
Let a be -2 + 24 + (-1 - 0). Let u = a + 13. List the prime factors of u.
2, 17
Suppose 3*z - 23 + 5 = 0. Suppose -5*t + 42 = 4*o, -2*t - 4*o + z = -6*o. What are the prime factors of 4/t + 420/45?
2, 5
Let o be ((-42)/(-12))/((-1)/(-54)). Let h be (18/(-27))/((-2)/o). Let i = h + -19. List the prime factors of i.
2, 11
Let s be 70/25*5/2. Let v(x) = -x**2 + 8*x - 2. Let a be v(s). Suppose -5*f = -4*i + 129, 0*f = f + a. What are the prime factors of i?
2, 13
Suppose -2*n + 1486 = -5*u, 5*u + 3819 = 5*n + 74. Suppose -5*x - 4*v + n = 0, 4*v = 3*x - 0*x - 439. List the prime factors of x.
149
Let x(o) = 4*o + 39. Let a be x(13). What are the prime factors of a/((1/2)/((-2)/(-4)))?
7, 13
Suppose -22361 + 5280 = -29*k. What are the prime factors of k?
19, 31
Suppose 0 = l - 4*l + 72. Let b(d) = -4*d + 26. Let u be b(10). Let r = u + l. What are the prime factors of r?
2, 5
Suppose -4*g = -3*p - 204, -g - 42 = -p - 110. List the prime factors of (-2)/17 + (-4360)/p.
2
Suppose -r = -2*f + 687, -4*f + 1394 = r + r. Let n = f - 245. What are the prime factors of n?
101
Let k(f) = 2*f**2 + 9*f - 13. Let i be k(-9). Let p = i - 45. Let y = p + 6. List the prime factors of y.
29
Suppose 0 = 3*i - 7*i - 8. List the prime factors of ((-35)/15)/(i/6).
7
Let l(w) = -w + 5. Let s(a) = 3*a + 16. Let c(k) = -k - 8. Let f(j) = -7*c(j) - 3*s(j). Let o be f(6). List the prime factors of l(o).
3
Suppose g + 60 = 4*g. Suppose -2*w = -4*a - 19 - 27, -5*a = -g. List the prime factors of w.
31
Suppose -17878 + 3136 = -9*p. List the prime factors of p.
2, 3, 7, 13
Suppose 5*m - 10*m = 0. Suppose m = -4*o + 6*o + 14. Let g(f) = -2*f + 10. What are the prime factors of g(o)?
2, 3
Suppose 0 = 3*y + l - 4442, 56*y - 1477 = 55*y - 4*l. What are the prime factors of y?
1481
Let a be (-3)/(-1) + -2 - -10. Suppose 9 = 3*x, -5*x + a = -d - d. What are the prime factors of ((-3)/d)/((-3)/30)?
3, 5
Let o be 1/(-3) - (-22)/3. Let b = 12 - o. Suppose 4*z = 4*q - 20, 0 = 2*q + 2*z - b - 5. List the prime factors of q.
5
Suppose 2*y - 4*y = 12. Let r(q) be the third derivative of q**5/60 + q**4/12 - 7*q**3/6 - 5*q**2. What are the prime factors of r(y)?
17
Let c be (-2)/5 + (-407)/(-5). Let k be (-2)/6 + (-7)/(-3). Suppose k*j - 13 - c = 0. List the prime factors of j.
47
Let z be 30*(1 - 0) + -3. Suppose j - 49 = -z. What are the prime factors of j?
2, 11
Let r be (-57905)/(-148) - 1/(-4)*3. Suppose 4*f - 11*f + r = 0. What are the prime factors of f?
2, 7
Suppose -3*q + 15 = 2*q. Suppose -4*k - q = -4*t - 19, 0 = 2*t. What are the prime factors of k?
2
Let v(w) = w**3 + 8*w**2 + 6*w - 1. Suppose 10 + 8 = -3*a. Let f be v(a). List the prime factors of 128/7 + (-10)/f.
2, 3
Let n(w) = -w**3 - 18*w**2 + w + 24. Let g be n(-18). Suppose -t - t = -g. Suppose y + t*y - 46 = -2*s, 4*y = 5*s - 73. List the prime factors of s.
17
Suppose 3*a - 4428 = -3*n, -3*n + 4428 = -3*a - 0*a. What are the prime factors of n?
2, 3, 41
Let t(i) = 2*i**2 - 13*i - 32. Let v be t(14). Suppose -v = 4*r - 806. List the prime factors of r.
157
Let v(g) = -2 + g**2 - 22*g + 36*g - 6. What are the prime factors of v(-19)?
3, 29
Suppose -3*u - 4*s - 10 = -2, 4*u = -4*s - 8. Let j = 2 + u. Suppose 4*d + j*o - 106 = 0, -3 = -0*o - o. What are the prime factors of d?
5
Let n(x) = -48*x - 197. List the prime factors of n(-6).
7, 13
Let m = -395 + 784. What are the prime factors of m?
389
Suppose 17527 + 17513 = 80*w. What are the prime factors of w?
2, 3, 73
What are the prime factors of 1/2 - 6198/(-12) - 1?
2, 3, 43
Let d = 1328 - 632. List the prime factors of d.
2, 3, 29
Suppose -n + u + 262 = 0, 0 = 5*n - u - u - 1319. What are the prime factors of n?
5, 53
Let i(a) = a**2 - a + 1. Let n(p) = -p**3 + 11*p**2 + 3*p - 5. Let u = 24 - 25. Let o(z) = u*n(z) + 5*i(z). What are the prime factors of o(7)?
3
What are the prime factors of 918 - (3 + -7) - 6?
2, 229
Suppose 0*u = 3*t - 2*u - 1962, 0 = 3*u. What are the prime factors of t?
2, 3, 109
Let l(h) = -6*h - 30. Suppose 0 = -6*r - 50 - 28. List the prime factors of l(r).
2, 3
Suppose 4*y = -3*z + 8920, -2*y = -3*z + 4064 + 4832. What are the prime factors of z?
2, 7, 53
Suppose 3*n = 3*q + 777, 0*q - 3*n - 503 = 2*q. Let y be 2/(-9) - q/18. List the prime factors of (-485)/(-35) - (-2)/y.
2, 7
Suppose 22*z = 17*z + 3*s + 17369, 6958 = 2*z + 4*s. List the prime factors of z.
5, 139
Let l(y) = -y + 10. Let i be l(7). Suppose i + 5 = 4*d. Suppose z + 0 = -3*u + 14, 4 = 2*u + d*z. List the prime factors of u.
2, 3
Suppose 6 = -3*s - 0*s, 0 = -2*w + s + 10804. List the prime factors of w.
11, 491
Suppose -3*g + 27 = 44*h - 41*h, 0 = 3*h - 3*g - 3. List the prime factors of h.
5
Let w be (370/(-40) - (-6)/(-8))*-4. Let a = w - -41. List the prime factors of a.
3
Suppose 6 = -a + 3*l, -5*a + 3*l + 0*l = -18. List the prime factors of a + (-6)/(2 + -5).
2
Let t = -5 - 1. Let x be ((-8)/t)/((-20)/(-210)). Suppose -x + 4 = -2*a. What are the prime factors of a?
5
Suppose 7*y + 1161 = 10289. List the prime factors of y.
2, 163
Let s = -1116 + 1694. What are the prime factors of s?
2, 17
Suppose 4*f + 2034 = 5566. What are the prime factors of f?
883
Suppose l = -l - 74. Let c be l/(-2)*34/(-17). Let s = -34 - c. List the prime factors of s.
3
Let j(l) = 13*l**2 + 2*l + 4. Let f be j(-3). Let y = f + -90. What are the prime factors of y?
5
Let v(o) = -o - 3. Let i be v(-3). Suppose -3*u + 12 = -i. Suppose -u*t + 150 = t. What are the prime factors of t?
2, 3, 5
Let u(s) = s**3 - 10*s**2 - 2*s - 36. What are the prime factors of u(11)?
3, 7
Let m(q) = 4*q - q**2 - 11*q - 19 + 20*q. What are the prime factors of m(10)?
11
Suppose 3*b - 4017 = -3*m, -2*b + 8*m + 2687 = 13*m. What are the prime factors of b?
2, 167
Let n(b) = 32*b**2 - 2*b - 1. What are the prime factors of n(10)?
11, 17
What are the prime factors of (3/2)/(6/536)?
2, 67
Let f = 6 - 3. Let o = -4 - -6. Suppose -f*x + o*b = -4, -2 = -2*x + b + 